ose 4*u = 15*u - r. Is u composite?
True
Let z = -53 - -25. Is (-4)/z - (-9420)/14 a composite number?
False
Let q be (24/15)/(4/200). Suppose 5*f + 2*y = -0*f + 115, 3*f - y - q = 0. Is f a prime number?
False
Let a(j) be the third derivative of 3*j**4/8 - 2*j**3 - 2*j**2 - 152. Let l be (-6)/21 - 65/(-7). Is a(l) a composite number?
True
Let y(s) = -106*s - 75. Is y(-14) a prime number?
True
Suppose 4*n - 4*j - 1488 = 0, 4*j = -3*n + 3*j + 1136. Suppose -4*w + 511 = 3*v, n = 3*w - 2*v - 2*v. Is w composite?
False
Let u be 1*2 + 14 + -14. Suppose 4*p - 1366 = u*p. Is p composite?
False
Is (2/(-7))/((-7)/37289) a composite number?
True
Let w(x) = -x - 1. Let m(h) = 4*h - 7. Let k(p) = m(p) + 2*w(p). Let u be k(3). Let c(s) = -11*s**3 + 4*s**2 + 2*s - 1. Is c(u) a prime number?
False
Suppose 680 = -0*t - 5*t. Let g = t + 191. Is g prime?
False
Suppose 4*i - 5*n = -4*n + 401, -3*n - 510 = -5*i. Suppose i - 28 = h. Is h a prime number?
True
Let g(f) = 754*f - 453. Is g(18) a prime number?
False
Suppose -a = -12*a + 20053. Is a a prime number?
True
Suppose 2*c = -8*c + 25510. Is c composite?
False
Let f(m) be the third derivative of m**4/12 + 77*m**3/6 - 12*m**2. Is f(0) a composite number?
True
Let o(l) = 4*l + 28. Let h be o(-7). Suppose h = -18*u + 14*u + 316. Is u a prime number?
True
Suppose 3*j = -w + 6746, -3*w = -5*j - 27884 + 7576. Is w a composite number?
False
Is -2 - 2*(-133242)/12 prime?
False
Let l(k) = 2*k**3 - 9*k**2 - 28*k - 34. Is l(15) prime?
True
Let m = 28 - 30. Let p = m - -6. Suppose p*d - 2*b - 2*b = 1660, -5*b = d - 403. Is d composite?
True
Let y(a) = 4*a**3 + 9*a**2 - 22. Let d(p) = 3*p**3 + 9*p**2 - p - 22. Let l(w) = 3*d(w) - 2*y(w). Let q be l(-9). Suppose 0 = -q*z - 0*z + 95. Is z composite?
False
Suppose -2*j - 40 = -7*j. Suppose 0 = -j*k + 4*k. Suppose 326 = -k*o + 2*o. Is o a composite number?
False
Suppose -3*t + 604 = 2*c, 2*c + 382 + 226 = 3*t. Suppose 2*v - 3*v + t = 0. Is v - 2/(-4)*-6 a composite number?
False
Suppose 3*t + 2*i - 2 = -0, -9 = -t + i. Suppose s = -t*s + 6425. Is s a prime number?
False
Let b(m) = m**3 - 4*m**2 - 2*m - 4. Let u be (-22)/(-4) + 3/6. Let i be b(u). Is (22/8)/(2/i) a prime number?
False
Let u(q) = 2*q + 36. Let y be u(-13). Is 112/5 - (0 - y/(-25)) a composite number?
True
Suppose -2*r + 0*r = -16. Let f be (16/(-14))/(r/(-28)). Suppose 0 = 7*q - f*q - 102. Is q a prime number?
False
Is 72703/87 - (16/6 - 2) a composite number?
True
Suppose -10*m + 14*m - 2*i = 71578, -3*i = 9. Is m prime?
False
Let b(d) = -d**3 + 6*d**2 - 7. Let y be b(6). Let n = 3 + y. Is (-1)/(-2*n/(-248)) prime?
True
Let o = 10 - 10. Suppose o = -3*i - i - 800. Let b = 406 + i. Is b a prime number?
False
Suppose 3*r - 25 = 2. Suppose -5*z = -r*z + 3108. Suppose 0 = q + 2*q - z. Is q a prime number?
False
Suppose 2*f - 9 = -o, 2*o - 13 = -3. Let h be f/(-2) + 9 - -3. Is (h + -3)*58/8 a composite number?
True
Suppose -7*f = -4*f + 2*o - 51485, f - 17180 = 3*o. Is f a prime number?
False
Suppose 4*o - 3*g - 91550 = 0, -21*g + 20*g = o - 22891. Is o a composite number?
True
Let x(o) = -4*o**3 - 5*o**2 - o + 1. Let q = -4 - -8. Let h be x(q). Let s = 484 + h. Is s prime?
False
Let j(a) = 49*a + 2. Let x(f) = -49*f - 2. Let c(y) = 4*j(y) + 3*x(y). Is c(9) a composite number?
False
Let x = -1931 + 916. Let y = 822 - x. Is y a prime number?
False
Suppose 16*k - 44 = 12*k. Suppose k*r - 263 = 10*r. Is r a prime number?
True
Suppose -6 = -r - t, -t + 11 = 3*r - 5. Is r/(10/296) - -1 a composite number?
False
Let s = 523 + -67. Suppose -4*y + s = h, 4*h - 5*h = y - 117. Is y a composite number?
False
Let p(t) = 11*t + 3. Suppose -5*k - 2*l = -3*l - 21, 4*k - 24 = -l. Suppose -k*y + 28 = 8. Is p(y) prime?
True
Let y = 25 + -22. Suppose -2 = y*q - 23. Is q + (0 - 1) + 3 a composite number?
True
Let z be (-56)/308 + (-1742)/(-22). Suppose w + 2*j = z, 4*j + 334 = 4*w + 3*j. Is w prime?
True
Suppose 29*j = 27*j + 232. Let s = j + -31. Is s a composite number?
True
Suppose 468 + 2744 = -2*v. Let t be (-4 + 0)*9156/(-16). Let r = v + t. Is r a composite number?
False
Let d = 921 - 514. Is d a prime number?
False
Let c(q) = 1114*q**3 + 2*q - 1. Let t be 3/(-2) - (-50)/20. Is c(t) a prime number?
False
Let r(b) = 474 + 519 - 94 - 250 - 3*b. Is r(0) composite?
True
Let c be 4/(-8) - (-4630)/4. Is 5*(-2 + c/5 + 4) prime?
False
Suppose -y + 5248 = 5*z, -21102 = 15*y - 19*y + 2*z. Is y a prime number?
True
Let h(a) be the second derivative of 47*a**4/6 + a**3/2 - a**2 - 11*a. Is h(1) a prime number?
False
Suppose -780 = -5*r - 65. Suppose -2*i = -4*l + 14, 0*i - 6 = 2*i. Suppose -r = -l*p + 63. Is p a prime number?
True
Is (3356/10)/(162/405) composite?
False
Suppose -4*y + 11 = 5*l, 0 = -l + 3*y + 9 - 3. Suppose -2*s + 1930 = l*s. Suppose -6*v + 4*v + 170 = 4*g, -5*v + 3*g = -s. Is v prime?
True
Let r(d) = -d + 10. Let w be r(5). Suppose -651 = -w*k + 394. Is k composite?
True
Is (-3*11/(-165))/(1/59315) a composite number?
False
Let m be ((-253)/(-3) + -1)*3. Suppose 0 = -2*s - 3*s + 4*y + 253, -5*s + m = -5*y. Is s prime?
True
Let r = -4421 + 6361. Suppose -5*l - 5*l + r = 0. Is l a prime number?
False
Let o(j) = -11*j - 10. Let u(p) = 1. Let b(n) = -o(n) - 4*u(n). Is b(11) prime?
True
Suppose -4*n - 2210 - 862 = 0. Is n/(-2) + 4 - (-2 + 1) a prime number?
True
Let s = 611 + 450. Is s prime?
True
Suppose 4*b = 4*u + 17 - 57, -5*u - 4*b + 23 = 0. Suppose -u = -3*m + t + 7, 2*m = -4*t. Let i = m - -79. Is i prime?
True
Suppose -5*u + 40543 = 4*y, 0 = -0*u + 4*u - 5*y - 32459. Is u prime?
True
Suppose 6*y + 5691 = 3*w, -1122 = 5*w + 2*y - 10631. Is w prime?
True
Suppose 5*j + 5*d - 3724 - 2631 = 0, 3*j + d - 3815 = 0. Let x = j - 748. Is ((-20)/16)/(-5)*x a composite number?
False
Let q(r) be the first derivative of -6*r**2 + 74*r - 23. Is q(-15) a composite number?
True
Suppose 0 = 11*d - 13*d + 12. Suppose -y + d*y = 3235. Is y prime?
True
Let m = 41 - 26. Suppose d + 8*j - 4*j - m = 0, -5*j + 73 = 3*d. Is d a prime number?
True
Suppose 5*s = 20 - 15, 5*s = -5*g + 34740. Is g a prime number?
True
Let d(m) = m**2 + m + 6. Let z be d(0). Let f(v) = 10*v**2 + 1 - 6*v + 0 + 9*v**2 + 3*v. Is f(z) prime?
False
Let z(g) = -3*g + 2. Let j(m) = -4*m + 2. Let i(b) = -2*j(b) + 3*z(b). Let d be i(0). Suppose -y - 3*a = -97, 3*y + d*y - 4*a - 561 = 0. Is y composite?
False
Let m(h) = 4*h**3 - 15*h**2 - 7*h + 20. Let w be m(8). Suppose 0 = -19*b + 15*b + w. Is b a composite number?
False
Suppose 10 = 3*c - 4*x, -2 = c + x - 3. Suppose 0*h = -2*n + 4*h + 3422, 2 = -c*h. Is n a composite number?
False
Let d(o) = -6*o + 13 + 55*o + 46*o. Suppose -u + 31 = -5*f, 4*u - 34 = 2*f - 0*f. Is d(u) composite?
True
Is -4*(-3)/2 - -25897 prime?
True
Suppose 10*a + 3*a = 52. Let l be (-2898)/(-5) - (-2)/5. Suppose 736 = a*b - l. Is b a composite number?
True
Let r(q) = 7*q**2 + 71*q - 446. Is r(-53) prime?
False
Suppose 43900 = 5*h - 2*r, 0*h = -2*h - 4*r + 17584. Suppose -5*l + h = 3*t, 3*l - 4*l + 1761 = -4*t. Is l prime?
False
Suppose 4*d + 0*d = -4*z + 2916, -z = -5*d + 3669. Is d composite?
False
Suppose 7*k + 9831 = -1747. Let n = k + 2448. Is n composite?
True
Let n be (2 - 64)/((-6)/3). Is n - (-3 - -1) - 2 prime?
True
Is (-4)/6 - (-2)/((-18)/(-2337)) prime?
False
Is 2 - (2472/(-1) + -5) composite?
True
Let t(j) = -9*j**2 - 45*j + 16. Let h be t(-11). Let z = 1057 + h. Is z a composite number?
False
Let l = 1495 + -925. Suppose 0 = -5*m - m + l. Is m a composite number?
True
Let m = -5 + 18. Let p(r) = r**2 + r. Let t be p(-3). Let b = m + t. Is b a composite number?
False
Suppose 3*v = 3*h + 15396, 180*h - 178*h - 20522 = -4*v. Is v composite?
True
Let n(q) = 624*q - 11. Is n(3) a composite number?
False
Is -2*(4 + -1) - -1915 a prime number?
False
Suppose 3*u + y + y - 47761 = 0, 0 = -3*y + 15. Is u a prime number?
False
Suppose -3*c = -5*s + 5, 3*s + 20 = 8*s. Suppose -5*h - c = 0, -2*m + 4*h = 61 - 415. Let g = 278 - m. Is g a prime number?
True
Is 5/(-1) + (1 + 129125)/3 prime?
True
Suppose 0 = 4*h - 30 - 18. Let s(j) = -j**3 + 0*j - 4*j - 1 - h + 11*j**2. Is s(9) composite?
False
Let l(w) = -2*w**3 + 2*w**2 + 33*w - 11. Let h(r) = -r**3 - 8*r**2 - 10*r + 4. Let o be h(-6). Is l(o) a prime number?
True
Let y(d) = 1581*d - 4. Let l(w) = 31